 (-30324)/34.
2, 223
Let b = 42 - 38. Suppose 0 = -b*d - 0*d. What are the prime factors of (d*(-4)/16)/2 - -110?
2, 5, 11
Let w(v) = -v**3 + 13*v - 5*v**2 - 19*v + 33*v - 13 - 13. List the prime factors of w(-11).
13, 31
Suppose -76 = l - 3*j - 574, 2*l = -3*j + 951. Let r = 806 + l. What are the prime factors of r?
1289
Suppose 3*l = l + 1408. Let i be l/(-66)*(-63)/2. Suppose 2*g + 2*g = i. List the prime factors of g.
2, 3, 7
Suppose -5*w = -14*w + 5*w. What are the prime factors of 23270/40 + (1/4 - w)?
2, 3, 97
Let x(y) = -y**2 - 8*y - 6. Let m be x(-5). Suppose m*g = 8*g + 560. Suppose 14*f - g = 6*f. What are the prime factors of f?
2, 5, 7
Suppose 5*o - 122657 = s, 16*s - 12*s + 122648 = 5*o. What are the prime factors of o?
2, 6133
Suppose -45*o + 4*y - 1493 = -48*o, 0 = o - 3*y - 502. Let u = o + -354. List the prime factors of u.
5, 29
Suppose -g - 8 = -5*g. Suppose -2*q - 1054 = -g*i, -3*i - 422 = -q - 1999. Suppose -4*j - 1 = 3, -5*j = 5*c - i. What are the prime factors of c?
2, 53
Suppose -45*d - 29230 = -82*d. Suppose 13*l + d - 3247 = 0. What are the prime factors of l?
3, 7
Suppose 0*q = -q + 64. Let y = 64 - q. Suppose -10*t + 17*t - 462 = y. List the prime factors of t.
2, 3, 11
Suppose -4*q + 2 = 34. Let i be (-2)/(-8) + 154/q + -5. List the prime factors of (-16)/i - (-94)/3.
2
Let h(c) be the second derivative of 5*c**3 - 121*c**2/2 - 48*c + 2. What are the prime factors of h(27)?
13, 53
Let t be (2/7 - 130/(-35))*2. Suppose -4*p = -t*p + 1212. List the prime factors of 2*(p/6 - -4).
109
Let w(g) = g**3 + 18*g**2 + g - 25. Let t be 4 + -1 + -24 + 5. List the prime factors of w(t).
3, 157
Suppose -390*k = -3556605 - 1367419 - 6587606. What are the prime factors of k?
3, 9839
Let n(x) = -533*x**2 - 12 + x**3 - 9*x + 32*x + 515*x**2. What are the prime factors of n(17)?
2, 3, 5
Let c = -221 - -285. Let l = c - -269. List the prime factors of l.
3, 37
Let r(l) = l**3 - 3*l**2 + 55*l - 2*l**2 - 2*l**2 - 6*l**2 - l**2. List the prime factors of r(11).
2, 11
Suppose -8*y = -9*y + 30. Suppose 4*n + 2*k = 38, -5*n + 0*k + y = -k. Suppose 871 + 620 = n*d. What are the prime factors of d?
3, 71
Let w(y) be the first derivative of -9/2*y**2 - 33 + 1/3*y**3 - 40*y. List the prime factors of w(19).
2, 3, 5
Let k(c) = 2*c**2 + 27*c + 37. Let p be k(-12). What are the prime factors of 2/(p*2/130)?
2, 5, 13
Let b = -18543 + 38900. List the prime factors of b.
20357
Let y = 100 + -98. Suppose -t - 122 = -y*u, 0 = -4*u + t - 6*t + 244. What are the prime factors of u?
61
Let b(x) = -13*x**3 + 19*x**2 + 10*x - 27. Let c(p) = -11*p**3 + 20*p**2 + 11*p - 26. Let n(z) = 6*b(z) - 7*c(z). List the prime factors of n(-27).
2, 151
Suppose 0 = -22*t + 205560 + 461722. List the prime factors of t.
7, 619
Let u = 352 + -92. Suppose -4*f + 265 = v, 0 = 6*v - 5*v - f - u. List the prime factors of v.
3, 29
Let q(z) = -z - 20. Let r(d) = d + 20. Let a(u) = 5*q(u) + 6*r(u). Let c be a(0). Let j = c - -24. List the prime factors of j.
2, 11
What are the prime factors of (-8)/((-32)/20) + 4479?
2, 19, 59
Let u = -3819 - -10377. What are the prime factors of u?
2, 3, 1093
Suppose -19256 = -45*n + 44*n - 4*j, 2*n + 3*j = 38542. What are the prime factors of n?
2, 5, 241
Let i be 11525/(-10)*2*2/5. Let u = i - -1525. Suppose 0 = -5*m + 4*l + u, -93 = -4*m + 4*l + 391. List the prime factors of m.
7, 17
Let p = 23157 + -10210. List the prime factors of p.
11, 107
Let l be 13752/(-135) - -7 - (-4)/(-30). List the prime factors of (2774/l)/((-48)/(-50) + -1).
2, 5, 73
Let f = 2818 - 2342. List the prime factors of f.
2, 7, 17
Let j = 6976 + 2706. List the prime factors of j.
2, 47, 103
List the prime factors of ((-3514)/(-42))/((-13)/(-1521)).
3, 13, 251
Suppose -j = i, -3*j - 2 - 10 = 0. Suppose -2*p = -3*t - 682, -p - 2*t + 343 = -i*t. List the prime factors of p.
5, 67
Suppose -1572 - 381 = k. Let r = k + 2977. What are the prime factors of r?
2
Let d(h) = -h**3 + 8*h**2 - 4*h + 32. Let y be d(8). Suppose -3*v + 5*k + 1321 = 0, 3*v - 2*k + 3*k - 1309 = y. List the prime factors of v.
19, 23
Suppose 4*s - 134 = -5*r, 5*r - 489*s + 488*s = 104. Suppose -5*y = -3*x + 113, 62 = 5*x + 2*y - 85. Suppose r*d + 1872 = x*d. What are the prime factors of d?
2, 13
Let m = -5749 - -11879. List the prime factors of m.
2, 5, 613
Suppose -j + 258 = 2*k, 0 = k - 0*k - 2*j - 134. Let m = -44 + k. List the prime factors of m.
2, 43
Let k(p) = 270*p - 70. Let m(f) = -135*f + 34. Let a(l) = 4*k(l) + 7*m(l). What are the prime factors of a(3)?
3, 11
Let o(f) = -8208*f**3 - 6*f**2 - f - 2. List the prime factors of o(-1).
59, 139
Let p(h) = 78*h + 45. Let d be (-32)/6 + 5 + (-64)/(-12). What are the prime factors of p(d)?
3, 5, 29
Let x(t) = 2*t**2 - 44*t - 434. List the prime factors of x(-26).
2, 1031
Let p = 727 - 472. List the prime factors of ((-34)/(-5) - 6)*p.
2, 3, 17
Suppose 2*w = -27 + 31. Suppose 2*m + 3*t = 4*t + 648, 0 = -5*m + w*t + 1620. List the prime factors of m.
2, 3
Let m = -93 - -146. Let q = m - 48. List the prime factors of (-1 + -5)*115/(-15)*q.
2, 5, 23
Let h(r) = -r**3 + 24*r**2 + 75*r - 32. List the prime factors of h(17).
2, 23, 71
Let g = 34906 - 19240. What are the prime factors of g?
2, 3, 7, 373
Let t(s) = -4*s**2 - 146*s + 100. List the prime factors of t(-15).
2, 5, 139
Suppose 14*z + z - 25630 = 5*z. What are the prime factors of z?
11, 233
Let p(c) be the second derivative of c**5/20 + 4*c**4/3 - 4*c**3/3 + 7*c**2 - 3*c. Let o be (-22 - 2)*(-58)/(-87). List the prime factors of p(o).
2, 71
Let l = 137 - 76. Suppose 20*t - k + 1992 = 24*t, 0 = 4*t + 4*k - 1980. Suppose -l = -8*i + t. List the prime factors of i.
2, 5, 7
Suppose 13*m - 11*m - 4 = 0. Suppose d + h - 3 = -1, 2*d - 12 = m*h. Let y(s) = -s + 13. What are the prime factors of y(d)?
3
Let m(c) = -76*c + 14. Let k = 99 - 103. What are the prime factors of m(k)?
2, 3, 53
Suppose -3*l - 6*z + z + 75 = 0, -72 = -3*l - 4*z. Let o be 8/l - (-5016)/(-15). List the prime factors of 1/((-11)/(-22) + 165/o).
167
Let g(i) be the first derivative of -8*i**2 - 7*i + 57. List the prime factors of g(-4).
3, 19
Let a(r) = r + 17. Let g be a(-10). Let z(p) = 25*p - 16. Let x be z(g). Suppose 4*n - x - 137 = 0. What are the prime factors of n?
2, 37
Let f be 26/143 + (-568)/(-22). Suppose 4*p + 8 = 0, -3*x = x + 5*p + f. List the prime factors of (-4)/40*x - 246/(-10).
5
Suppose -16*s + 18*s + 3*o = -93, -3*o = 3. List the prime factors of (-48)/((-5)/s*-6).
2, 3
Let d = 3567 - 1851. Suppose 6*k - d = -6*k. Let u = k + -55. List the prime factors of u.
2, 11
List the prime factors of (22 - (-360)/(-12)) + 14404/1.
2, 59, 61
Let h(m) = 28*m**2 + 7*m + 4. Suppose -4*p + 5*x = 22, 4*p = -p + 5*x - 25. Let t be h(p). What are the prime factors of ((-1)/(-5))/(1/t)?
47
Let w = -2834 + 6563. List the prime factors of w.
3, 11, 113
Let p(q) = 8968*q - 2740. What are the prime factors of p(4)?
2, 3, 11, 251
Suppose 3*g = 2*z - 2637, 4*g + 3533 = 49*z - 52*z. Let p = -452 - g. List the prime factors of p.
3, 11, 13
Let k = 9 + -5. Let p be (10/25)/(6*(-3)/(-225)). Suppose -810 = -p*w + y, 0*w - 4*y - 664 = -k*w. List the prime factors of w.
7, 23
Let o = 43 + -14. Suppose -o*h + 11*h = -7020. What are the prime factors of h?
2, 3, 5, 13
Let l(v) be the third derivative of 5*v**4/3 - 22*v**3/3 - 6*v**2. List the prime factors of l(8).
2, 3, 23
Let d(w) = -19*w**3 + 3*w**2 - 60*w + 7. What are the prime factors of d(-7)?
7, 1013
Let x = 4071 - 1336. Suppose -4*u + x = u. List the prime factors of u.
547
List the prime factors of 320472/30 + (-6)/(-45)*-3.
2, 7, 109
Let k = -175 + 644. Let z = k - -32. Suppose 3*g - 6*g = -4*c + z, 0 = 5*g + 15. List the prime factors of c.
3, 41
Suppose -o = 2, 15*k + 7*o = 11*k + 102026. List the prime factors of k.
2, 5, 2551
Let z(p) = -2*p + 18. Let y be z(0). Let x be y*((-5)/5 - (-18)/4). Suppose o = -2*n + 4*o + 126, n - x = -o. List the prime factors of n.
3, 7
Let g = -58 - -63. Suppose g*h = 17*h - 24. What are the prime factors of (-4 - h)*-3 - 5?
13
Suppose 49*i - 23*i = -264576. What are the prime factors of (-10)/(-4)*i/(-240)?
2, 53
Let t(x) = 2*x + 6. Let c be t(-1). Suppose -h = c, -128 - 116 = -m - 2*h. List the prime factors of m.
2, 3, 7
Suppose -18*d + 43